 -y**3 - y**2 + 1. Let z be r(1). Let s = 2 + 1. Let x = s - z. What are the prime factors of x?
2
Let q(t) = 3*t**3 - 2*t + 1. Let s be q(1). Suppose -2*x + 3*v = -47, -s*v = 3*x - 45 - 6. What are the prime factors of x?
19
Suppose -8 - 10 = -3*x. Let i be 3/((-9)/x - -3). List the prime factors of 6/i - 14/(-1).
17
Let y = 7 - -23. Suppose -b = -y + 2. What are the prime factors of b?
2, 7
Let g(k) = -169*k - 1. Let z be g(-1). Suppose 5*s + 2*b = b + z, -s = 3*b - 42. List the prime factors of s.
3, 11
Suppose 2*b = 5*s - b - 4, b = 2. What are the prime factors of -3 + 11*(4 - s)?
19
Suppose 19 = 2*h + t, 0*h - h = -4*t - 5. What are the prime factors of h?
3
Let i(z) = -z**3 - 8*z**2 + 9*z + 10. List the prime factors of i(-9).
2, 5
What are the prime factors of (-37)/(3/12*(4 + -8))?
37
What are the prime factors of ((-525)/5)/((-5)/10)?
2, 3, 5, 7
Let p = 22 - 35. Let s(a) = a**3 + 12*a**2 - 14*a - 10. Let q be s(p). Suppose -k = -q*j - j + 42, 2*k + 44 = 4*j. List the prime factors of j.
2, 5
Suppose -5*z + 0 = -o + 11, 2*z - 8 = 0. List the prime factors of o.
31
Let j(d) = -d + 4. Let m be j(2). Suppose m*a - 90 = -a. What are the prime factors of a?
2, 3, 5
Suppose -9 = 3*g, 4*g = -c + 49 - 20. List the prime factors of c.
41
Let c = 156 + -94. List the prime factors of c.
2, 31
Suppose 0 = -63*o + 57*o + 1698. What are the prime factors of o?
283
Let s(k) = k**2 - 3*k - 5. Suppose -4*y - b + 5*b + 40 = 0, -5*y = -3*b - 60. Suppose y = 2*a + 5. List the prime factors of s(a).
5
Suppose -4*z = -5*l + 179, -3*l + 108 = -0*l - 3*z. Suppose 0 = -v - 5*o + l, -2*v + 3*o + 5 = -0*o. What are the prime factors of v?
2, 5
Let z = -1 - -3. List the prime factors of 4*(z/2)/2.
2
Let u(m) = -6*m**3 + 2*m**2 + 2*m + 3. Let q be u(3). Let i = -96 - q. List the prime factors of i.
3, 13
Let y = -211 - -354. List the prime factors of y.
11, 13
Let f = -361 - -623. What are the prime factors of f?
2, 131
Suppose 4 + 12 = 2*a. Let u = a - 3. What are the prime factors of u?
5
Let m be 2/10 + (-42)/35. Suppose 1 = 4*r - 239. What are the prime factors of 3/(((-9)/r)/m)?
2, 5
List the prime factors of 5/(3/((-9)/(-3))).
5
List the prime factors of 1*169 - (-4 + 1).
2, 43
Let x(q) = 1. Let j(g) = -6*g - 1. Let o(y) = j(y) - 4*x(y). What are the prime factors of o(-4)?
19
Let a = -1 + 1. Let u be (-1 - a)/((-2)/(-30)). Let s = u - -27. List the prime factors of s.
2, 3
Let i be (-2)/4 + (-114)/(-12). List the prime factors of (-84)/i*45/(-10).
2, 3, 7
Suppose 4*q - 14 = 34. Let b be 73/4 + (-3)/q. Suppose 5*k - 6 = s, k + 0*s = -4*s + b. List the prime factors of k.
2
Suppose -6*c + 157 = -47. List the prime factors of c.
2, 17
Let a(h) = 2*h**2 + 13*h + 22. What are the prime factors of a(-13)?
191
Suppose 0*v + 25 = 5*v. Let c(q) = 2*q**2 - 5*q - 7. What are the prime factors of c(v)?
2, 3
Let b = 3 + 0. Suppose -b*x = -x - 18. List the prime factors of x.
3
Let f = -20 + 65. Suppose 0*m + 5*m - f = 0. What are the prime factors of m?
3
Suppose -2*d - 3*d = -3*b, 2*d - 4*b + 14 = 0. What are the prime factors of ((-50)/d)/(18/(-27))?
5
Let w = 387 - 228. What are the prime factors of w?
3, 53
Let y be 13/52 + 2/(-8). Suppose 15 = 4*v + 5*u, y*v - v + 1 = 4*u. List the prime factors of v.
5
Let h = 24 + -20. Suppose 0*p - p = 1. Let a = p + h. List the prime factors of a.
3
Suppose -2*v = -5*v + 207. What are the prime factors of v?
3, 23
Let d = 11 + -9. Suppose -11 - 49 = -5*l - 5*u, -d*u = -5*l + 81. List the prime factors of l.
3, 5
Let v(b) = -5*b**2 - b. Let w be v(-1). Let n(c) = -c**3 - 5*c**2 - 6*c. List the prime factors of n(w).
2
Let m(l) = 8*l**3 - 3*l**2 + 2*l - 1. What are the prime factors of m(2)?
5, 11
Let t(d) be the second derivative of d**5/20 - d**3/6 - 3*d**2/2 + d. What are the prime factors of t(3)?
3, 7
Suppose 41 = 2*c - c. What are the prime factors of c?
41
Let r = 11 - 6. What are the prime factors of -20*(-1 - (-1)/r)?
2
Let m be (-2)/(-10) + 2/(-10). Suppose m = 2*i - 6. List the prime factors of i.
3
Let k = 31 - 61. What are the prime factors of (-20)/(-3)*(-36)/k?
2
Let k(p) be the third derivative of -p**6/120 + 3*p**5/20 + 11*p**4/24 - 2*p**3 - 2*p**2. Let c be k(10). Let x = 7 - c. List the prime factors of x.
3
Let u(k) = -k + 4. Let s be u(9). Let z = s + 5. Suppose -29 = -5*j - 4*n, n + z = 2*j - 9. List the prime factors of j.
5
List the prime factors of (-2)/(-6)*93 - -4.
5, 7
Suppose 25 = -s + 6*s. Suppose 0 = a + s*z - 6, 2*z + 10 + 8 = 3*a. Suppose -l + 7 + a = 0. What are the prime factors of l?
13
Let k(w) = w**3 + 7*w**2 + w + 5. What are the prime factors of k(-6)?
5, 7
Let u = -176 + 431. What are the prime factors of u?
3, 5, 17
Suppose 5*i = -20 + 75. What are the prime factors of i?
11
Let v be 2/9 + (-241)/(-9). Suppose 5*m + 1 = 21. Suppose m*t - v = t. What are the prime factors of t?
3
Suppose 0 = 5*p + 20, 2*d + 5*p + 32 = -2*d. Let y be (-1 - 0 - d) + 1. Suppose -3*q + 5*f + 53 = 0, y*q - 25 = -3*f + f. List the prime factors of q.
11
Suppose 0 = 4*l - 22 + 10. Suppose -l = 4*j + 21. Let a = 5 - j. What are the prime factors of a?
11
Let w(s) be the second derivative of -3*s**5/10 + s**4/3 + 2*s**3/3 + s**2 - 2*s. Let n be w(-2). Suppose 8 = 3*l - n. What are the prime factors of l?
2, 11
Let s = 61 + -40. What are the prime factors of s?
3, 7
Let i be 52/(-3) + 8/(-12). Suppose -3*m - 2*m = 45. Let y = m - i. List the prime factors of y.
3
Let s(i) = i + 8. Let q be s(-8). Let f(u) = -u**2 + 2*u + 35. List the prime factors of f(q).
5, 7
Suppose x - 12 = 4*l + 36, x = 3*l + 43. List the prime factors of 344/x - (-2)/(-7).
2, 3
Let a(m) = 4*m - 6*m - 11*m**3 + m. What are the prime factors of a(-1)?
2, 3
Let o be (4/5)/((-4)/30). Suppose 0*g - 8 = -2*g. What are the prime factors of (-44)/o + g/(-12)?
7
Let c(l) = 2*l**3 - 7*l**2 - 11*l + 6. List the prime factors of c(6).
2, 3, 5
Let f be 6/21 - 375/(-35). What are the prime factors of (-4)/(3 + (-35)/f)?
2, 11
Let l = -32 - -109. List the prime factors of l.
7, 11
Let u(f) = -f**3 + 3*f**2 + 15*f + 3. List the prime factors of u(-3).
2, 3
Suppose -6*s - 44 = -14. Let y(z) = -z**3 - 4*z**2 - 4*z - 12. What are the prime factors of y(s)?
3, 11
Let o(r) = -r**2 + r - 2. Let m be o(2). Let u be (4 - -1) + 1 + 0. Let f = u + m. What are the prime factors of f?
2
Let a = -262 - -404. Suppose -a = -3*k + 26. What are the prime factors of k?
2, 7
Let j = 26 + -15. List the prime factors of j.
11
Let w(s) = -s + 12. Let c be w(-6). Suppose -2*i + c = i. List the prime factors of i.
2, 3
Let l = 32 + 7. List the prime factors of l.
3, 13
Suppose h - 3 = -1. Let f(j) = 9*j - 4. What are the prime factors of f(h)?
2, 7
Let x(y) = y**3 - 24*y**2 + 11*y + 6. List the prime factors of x(24).
2, 3, 5
Let u be 8/(-1) + 3 - -2. Let m = 8 + u. What are the prime factors of m?
5
Let d(b) = -5*b - 10. List the prime factors of d(-7).
5
What are the prime factors of 53 + -6 + -1 + -1?
3, 5
Let r(l) be the second derivative of l**3/2 - l**2/2 - l. Let t be r(3). What are the prime factors of 5/((-5)/2) + t?
2, 3
Let d = 88 + -63. List the prime factors of d.
5
Let a(u) = 4*u**3 + u**2 - 1. Let l(r) = -r - 7. Let w be l(-8). Let v be a(w). Suppose 3*i = -h + 13, -3*i = -v*h - h - 43. List the prime factors of i.
2, 3
Suppose 14*z - 150 = 9*z. What are the prime factors of z?
2, 3, 5
Let a(n) = n**3 + 11*n**2 - 12*n + 1. Let r be a(-12). List the prime factors of -2 + r/2*74.
5, 7
Suppose l - 6*l + 10 = 0. Let o be (2 - 2/l) + -10. What are the prime factors of (2/3)/((-1)/o)?
2, 3
Let k = -77 + 120. What are the prime factors of k?
43
Suppose -4*w + 372 + 64 = 0. List the prime factors of w.
109
Suppose 75 = 4*u - 17. List the prime factors of u.
23
Suppose -5*o - 201 + 72 = 4*d, -3*o + 121 = -4*d. List the prime factors of 0 + d*(-3 + 2).
31
List the prime factors of 3*1 + (-6930)/(-22).
2, 3, 53
Let i(k) = k - 1. Let m be i(-3). List the prime factors of 27/2 + 2/m.
13
Let n(l) = -12*l + 10. Let x be n(-6). Suppose -7*k + x = -3*k - 2*c, -2*c = -6. What are the prime factors of k?
2, 11
Suppose -42 = -4*l + 2*k, 0*k - k + 29 = 3*l. Let t = l + -2. List the prime factors of t.
2
Let l(d) = d**3 - d**2 + 8. Let f be l(0). Let t be f/6 + (-3)/9. What are the p